-2342332024
In base 9, what is -76 + -27553?
-27640
In base 5, what is -20133012212 - -4?
-20133012203
In base 5, what is -43232230023 - 41?
-43232230114
In base 13, what is -9762 + 12a1?
-8491
In base 15, what is -1b75a527 + -3?
-1b75a52a
In base 14, what is 2c7 - -26b87?
27070
In base 9, what is 17668 + 42186?
60865
In base 2, what is -11 - 1100010100011010001110?
-1100010100011010010001
In base 14, what is 832a6a6 + -2?
832a6a4
In base 15, what is 12759878 - -3?
1275987b
In base 4, what is 11012303 + -223100?
10123203
In base 16, what is 1 - -321c42?
321c43
In base 3, what is 22112 - -11200000211?
11200100100
In base 14, what is -69a4 + a77?
-5d2b
In base 10, what is -2 - 22178599?
-22178601
In base 13, what is -aa626b - -81?
-aa61ba
In base 8, what is 127476 + -2027?
125447
In base 10, what is 6 - 7357892?
-7357886
In base 10, what is -938 + -101105?
-102043
In base 4, what is 110 + -20000000002?
-13333333232
In base 2, what is 10110100100000010011 - -110011?
10110100100001000110
In base 12, what is 8855a + -103?
88457
In base 16, what is -471c3 + -3?
-471c6
In base 6, what is -1 + 104112150?
104112145
In base 12, what is 17507 + -219?
172aa
In base 14, what is -2 + 667d493?
667d491
In base 9, what is -4 + -261771625?
-261771630
In base 15, what is -127c456 - -e?
-127c447
In base 15, what is -21e + -398b?
-3baa
In base 14, what is 4 - -bc96957?
bc9695b
In base 8, what is -4 + -31407716?
-31407722
In base 8, what is -511656677 - 5?
-511656704
In base 14, what is 54b6 + 1cd8?
73b0
In base 9, what is -24515 - 5648?
-31264
In base 16, what is -4db + b5d?
682
In base 11, what is 13 - -a817a4?
a81807
In base 5, what is -11 - 2431323442?
-2431324003
In base 16, what is 5d - -d351?
d3ae
In base 16, what is -1ab4 + 63d7?
4923
In base 15, what is 50e - -5e63?
6472
In base 15, what is 43d - -486?
8c4
In base 10, what is -4434505 + 96?
-4434409
In base 7, what is 1403411 + 660?
1404401
In base 3, what is -2212202 - -2212020011?
2202100102
In base 16, what is -112ec04 + 0?
-112ec04
In base 15, what is -b6e + 1393?
724
In base 2, what is 1 - -1011000100001011111000?
1011000100001011111001
In base 3, what is -211122 - -112021010?
111102111
In base 9, what is -22651 - -2203?
-20447
In base 14, what is -10 + d41237?
d41227
In base 14, what is -7ba - 10a5?
-1881
In base 16, what is 31ad6a + 26?
31ad90
In base 8, what is 202 - -317115?
317317
In base 6, what is 14441502 + -101?
14441401
In base 8, what is -2621324 + -67?
-2621413
In base 2, what is -100110110111 - 101011?
-100111100010
In base 6, what is 20533510 - -5?
20533515
In base 15, what is -1 + 901939?
901938
In base 11, what is 6a625 - -88?
6a702
In base 9, what is 105 - 585336?
-585231
In base 3, what is -2111001 + 11101021?
1220020
In base 14, what is -44a3875 - 1?
-44a3876
In base 10, what is -4140799 - -42?
-4140757
In base 6, what is -2104332 + 254?
-2104034
In base 7, what is -115 - 152062365?
-152062513
In base 11, what is 92164a7 - -12?
9216509
In base 6, what is -1010 + 23512521?
23511511
In base 7, what is 556 + 134210?
135066
In base 16, what is -14ae02a7 - 5?
-14ae02ac
In base 9, what is 355260 + -23?
355236
In base 8, what is -112546527 - -1?
-112546526
In base 12, what is -17b017 - 1b?
-17b036
In base 7, what is 203 - 2415533?
-2415330
In base 2, what is 11101011101111110 - -1000001?
11101011110111111
In base 15, what is 4 + 3b6985?
3b6989
In base 3, what is -1011 + 12121020022010?
12121020020222
In base 3, what is -220221110 - 211212?
-221210022
In base 3, what is -1110222 + 1102001?
-1221
In base 9, what is -1 - -10547845?
10547844
In base 7, what is -350460 - 31312?
-412102
In base 9, what is 154 + 455521?
455675
In base 9, what is 15560 - -3654?
20324
In base 8, what is -14 - 1024375?
-1024411
In base 12, what is -1533 - -22b2?
97b
In base 15, what is 1e76843 - 4?
1e7683e
In base 7, what is -20314412 - -10?
-20314402
In base 2, what is -1010010010011000111101101001 - 100?
-1010010010011000111101101101
In base 6, what is -412 + 11205310?
11204454
In base 8, what is 177526 + 243?
177771
In base 10, what is -12 - 882588?
-882600
In base 4, what is -10231323 - 10000?
-10301323
In base 12, what is b826 + -4534?
72b2
In base 8, what is -13355723 + 62?
-13355641
In base 11, what is -a9957 + 59?
-a98a9
In base 9, what is -7584538 - 0?
-7584538
In base 4, what is -11 + 31301213233000?
31301213232323
In base 12, what is 28ab95 - -31?
28b006
In base 11, what is -1 - -671aa1?
671aa0
In base 2, what is 10010010000 - -1101100111110000001?
1101101010000010001
In base 15, what is 14 + -87661d?
-876609
In base 14, what is -21427079 - 3?
-2142707c
In base 9, what is 3183 - -45620?
48813
In base 5, what is 1121011 - -13044?
1134110
In base 14, what is 65db + 7c7?
6dc4
In base 6, what is -4031315 - -104?
-4031211
In base 4, what is 203103223331 - -1?
203103223332
In base 10, what is 79 + 3358405?
3358484
In base 16, what is -3bd4 - 81?
-3c55
In base 14, what is 0 + -20a7a3?
-20a7a3
In base 16, what is -1b7b4 + 6a?
-1b74a
In base 12, what is -33 + -1309035?
-1309068
In base 10, what is -35809994 - 34?
-35810028
In base 5, what is -20304400 - -32?
-20304313
In base 8, what is 17546331 - 5?
17546324
In base 10, what is 36 + -1075697?
-1075661
In base 14, what is 11a77b2 + -5?
11a77ab
In base 3, what is -112002012101101121 - -1?
-112002012101101120
In base 15, what is -18d606 + 3a?
-18d5bb
In base 14, what is 23 - 9b25b?
-9b238
In base 12, what is -2aa + -7449b6?
-7450a4
In base 7, what is 22 - 1464331?
-1464306
In base 9, what is 2354 + 34337?
36702
In base 6, what is -5555451224 + 10?
-5555451214
In base 10, what is -6153539 - 194?
-6153733
In base 7, what is -10 - 1342303256?
-1342303266
In base 6, what is -40301 + 12145?
-24112
In base 8, what is -176452 - -176?
-176254
In base 4, what is 201 + -22201011?
-22200210
In base 3, what is 10001201001121 - -11202?
10001201020100
In base 16, what is 28261 - -9d?
282fe
In base 8, what is 1011 - 464504?
-463473
In base 13, what is 1740 + 5a043?
5b783
In base 15, what is -13 - -4ba51?
4ba3d
In base 7, what is 5164 - 11002?
-2505
In base 14, what is 73 + -d154b?
-d14b8
In base 4, what is -2 + 3213132200?
3213132132
In base 2, what is 1000010100 + 10001111110001011?
10010000110011111
In base 3, what is -22100211122 - -2001?
-22100202121
In base 9, what is -133488507 + -4?
-133488512
In base 15, what is e3b821 - -13?
e3b834
In base 10, what is -5395 + 2031?
-3364
In base 15, what is 53235d - 1?
53235c
In base 6, what is -5152 + 10425415?
10420223
In base 13, what is 8500318 + -1?
8500317
In base 2, what is 10000111101111000111 - -1001100011?
10000111111000101010
In base 8, what is -321433 - -1371?
-320042
In base 3, what is -120000121201012 + 10?
-120000121201002
In base 6, what is 22345 - 151123?
-124334
In base 12, what is -5a + -339b4?
-33a52
In base 10, what is 1694128 - -106?
1694234
In base 2, what is 1 - 1001111011100011011000?
-1001111011100011010111
In base 2, what is 1101000001101100000000 + -1?
1101000001101011111111
In base 6, what is -13433 - 33134?
-51011
In base 11, what is -4a925 - 451?
-50276
In base 7, what is -53006014 + 0?
-53006014
In base 3, what is 10010210011 + 2221101?
10020201112
In base 15, what is -2ac2d9 - -17c?
-2ac15c
In base 5, what is 34210 + 24140?
113400
In base 10, what is 639 + -65931?
-65292
In base 10, what is 127486 - 10?
127476
In base 7, what is -53364 + 1100?
-52264
In base 7, what is 1001031114 - -3?
1001031120
In base 2, what is -1 - 1001110100010001111000101001?
-1001110100010001111000101010
In base 3, what is -1010120010022101 + -1?
-1010120010022102
In base 3, what is -2100012102 + -11112120?
-2111201222
In base 16, what is -b6b74 - 173?
-b6ce7
In base 12, what is -a8909 - 21?
-a892a
In base 9, what is 5 + 331426013?
331426018
In base 13, what is 7335c38 - -1?
7335c39
In base 4, what is 12030022 + 112210?
12202232
In base 14, what is -c28c8 - 41?
-c2929
In base 12, what is -1773 - 10b92?
-12745
In base 7, what is 11613141 - 64?
11613044
In base 15, what is 43 - -3d0c1?
3d114
In base 3, what is 12 + -102120110220000?
-102120110212211
In base 12, what is 251b06 + 15?
251b1b
In base 13, what is 5 + -10260427?
-10260422
In base 2, what is -11011010101100 + -11111100110010?
-111010111011110
In base 11, what is -6235 